*2 + 6*c. What is the units digit of u(a)?
6
Let x be ((-18)/(1 + 2))/(-1). Let m = 5 + x. What is the units digit of m?
1
Let w = 8 - 14. Let g = 9 + w. What is the units digit of g?
3
Suppose 3*l = 2*l + 1. Suppose -8 = -4*b, l = 2*t - 4*b + 3. What is the units digit of t?
3
Suppose 0*m - m + 14 = -l, -3*m = 3*l + 24. Let r(f) = -f**2 - 4*f + 11. Let g be r(l). What is the units digit of (-2)/8 - g/8?
8
Let i(f) = 3*f**3 - 2*f**2 + 1. Let l be i(-2). Let n = 28 - l. What is the tens digit of n?
5
Suppose -m + 4*j = 1 + 8, -5*j + 12 = -m. What is the units digit of m?
3
Let z = -1 - 246. What is the units digit of (z/(-19))/(1/4)?
2
Let g = 2 + -1. Suppose 2*l - 10 = a - g, -2*a = 2*l - 12. Let o = l - 4. What is the units digit of o?
1
Let w(d) = 26*d + 2. Let t = -10 - -11. What is the tens digit of w(t)?
2
Let t be 3 + (1 - 4) - -27. Suppose -5*p = 4*n - 167, -5*p - t = -2. Suppose -4*m = -5*d + d - n, 0 = -4*d. What is the tens digit of m?
1
Let r(x) = -x**3 + 10*x**2 - 3*x - 2. What is the units digit of r(4)?
2
Let b be 4/10 + 2/(-5). Suppose b = -2*o - o + 105. What is the tens digit of o?
3
Let k be (-17)/(-5) - (-4)/(-10). Suppose 0*o - 21 = k*o. Let l(d) = -d - 3. What is the units digit of l(o)?
4
Suppose -6 + 14 = 4*x. Suppose 16 = -4*b, 2*q - 212 = -x*q - 5*b. What is the units digit of q/6 - (-6)/18?
0
Let g(o) = o**3 + 13*o**2 - 17*o + 16. What is the tens digit of g(-14)?
5
Suppose -3*s - s = -44. Let o(h) be the second derivative of -h**4/12 + 2*h**3 + h**2 - 4*h. What is the tens digit of o(s)?
1
Suppose 5*y - 9 - 9 = -u, -u = -3*y - 18. What is the units digit of u?
8
Let t(y) = y**3 - 4*y**2 - y + 1. Let c be t(4). Let d = -8 - c. Let g = d - -13. What is the units digit of g?
8
Suppose 0 = -3*x - 4*y + 29, 0 = 4*x - 2*x - y - 1. Suppose -x*w + 6 = 3*q, -5*q + 15 = -0*q + 4*w. What is the units digit of q?
7
Let t = -2 + -7. Let r(g) = -g**2 - 14*g - 15. What is the units digit of r(t)?
0
Let g(d) = 14*d - 48. What is the units digit of g(15)?
2
Let j(f) = 2*f - 8. Let v be j(6). Suppose 3*w + 6 = -3*b, 8 - 23 = -3*w + v*b. What is the units digit of w?
1
Let a = 29 - 12. What is the tens digit of a?
1
Let u(d) = 3*d. Suppose -3*z - 4*k = 11, -5*k - 34 + 3 = -2*z. Suppose 3*n = 9 + z. What is the tens digit of u(n)?
1
Suppose 4*d + 11 + 1 = 0. Let s(t) = -t. Let y be s(d). Suppose -y*f + 8*f = 10. What is the units digit of f?
2
Suppose -4*n + 60 + 100 = 0. Let o = n - 7. What is the tens digit of o?
3
Suppose p + 0*p = -z + 8, -5*z + 30 = 3*p. Suppose 0 = -y - 0*l + z*l - 18, -4*y - 85 = l. What is the units digit of (-2)/6 + y/(-9)?
2
Let g = 156 - 104. What is the units digit of g?
2
What is the tens digit of (-2)/3 - (2 + (-107)/3)?
3
Let z(q) = -q**3 - 5*q**2 - q - 7. Let p be z(-5). Let r(u) = -u**2 - 7*u - 5. Let m be r(-4). Let o = m + p. What is the units digit of o?
5
Suppose 0 = 2*m - p - 4, 4*m + 4*p - 12 = 8. Let z(b) = -8 - b + m*b + 3 - b. What is the units digit of z(7)?
2
Let o = -69 + 153. Let m = -32 + o. What is the tens digit of m?
5
Suppose -3*m + 5*j - 89 + 278 = 0, 0 = 5*m - 2*j - 296. What is the tens digit of (7 - 8) + m/2?
2
Suppose -2*w - 63 = -4*w - b, w = -5*b + 27. What is the tens digit of w?
3
Let b = 93 - 61. What is the tens digit of b?
3
Suppose n - 4*n - 9 = 0, 3*s + 2*n - 6 = 0. Suppose -3*p - 2*p = -4*r - 123, -93 = -s*p + 5*r. Suppose 0 = 3*t - p. What is the units digit of t?
9
Suppose 0*r + 264 = 3*r. What is the units digit of r?
8
What is the units digit of ((-2)/(-4))/((-4)/(-184))?
3
Let j(v) = 0*v - 4 - v + 2*v. Let b be j(4). Suppose -2*x - 16 + 44 = b. What is the units digit of x?
4
Let u = 78 - 35. What is the units digit of u?
3
Let u(f) = -f**3 - f**2 - f - 2. Let g be u(-2). Let z(i) = 0*i**2 + 3*i**2 - 5*i - g*i**3 + 5*i**3. What is the units digit of z(-4)?
4
Let o be 1 - 3 - (7 + -12). What is the tens digit of 1 + o/6*34?
1
Let q(o) = o**3 + 2*o**2 - 3*o + 2. Suppose r - 5*k = -3 + 25, -4*r - 8 = 4*k. Let v be (-2 - (-8)/r) + 0. What is the units digit of q(v)?
2
Let m(n) = 9*n + 0*n**2 - 1 - n**2 - 5. What is the units digit of m(6)?
2
Let k = -12 - -16. What is the units digit of k?
4
Suppose -5*g + 48 = -g. Let t(i) = i**2 + 6*i + 4. Let j be t(-4). Let o = g + j. What is the units digit of o?
8
Suppose 0 = k - 2, -4*i - 3 = -3*k + 3. Suppose 2*y - 2 + i = 0. What is the units digit of y?
1
Let i(y) = y**3 + 7*y**2 - 8*y - 9. Let s be i(-8). Let j(b) = -b**3 - 10*b**2 - 9*b + 9. What is the units digit of j(s)?
9
Let u be 8/14*14/4. Let s be -1 - (u - 1) - -22. Suppose 0 = 3*l - s + 5. What is the units digit of l?
5
Let t(i) = i**3 + 5*i**2 - 6*i + 2. What is the tens digit of t(-4)?
4
Let w(n) = -n**2 - n + 18. What is the tens digit of w(0)?
1
Let x = 117 + -57. What is the units digit of ((-4)/(-5))/(3/x)?
6
Let x(h) = -5*h + 21. What is the units digit of x(-10)?
1
Suppose 5*s = -f + 25, 0 = -5*f - 0*f. Suppose -c = -s*c + 48. What is the tens digit of c?
1
What is the tens digit of ((-149)/(-3))/((-3)/(-9))?
4
Let r = 3 - 0. Suppose -2*i + 3*i + h = 2, 3*i = 4*h + 13. Let d = r + i. What is the units digit of d?
6
Suppose 4*g + 4 = 24. Let d(f) = -f**3 + f**2 + f. Let c be d(0). Suppose c = 5*k - k - 3*o + g, 3 = o. What is the units digit of k?
1
Let x(p) = -13*p - 29. What is the units digit of x(-15)?
6
Let c(t) = -9 + 0*t**2 + 9*t + t**2 - 4*t. Let h = -25 + 18. What is the units digit of c(h)?
5
Suppose 3*k - 11 = -2, 3*x - 2*k + 9 = 0. Let a(q) = -q**3 - 10*q**2 + 11*q + 14. Let z be a(-11). Let l = z + x. What is the tens digit of l?
1
Let x be (2 - 2)*(-1)/2. Suppose x = -4*v + 5*h - 5, 3*v + 2*v = -4*h + 4. Suppose v = 2*c - 6*c + 4. What is the units digit of c?
1
Let j(k) = 11*k**2 + 3. What is the hundreds digit of j(5)?
2
Let j(q) = -61*q - 26. What is the hundreds digit of j(-5)?
2
Let n(r) = -2*r - r + r - 8. Let h = -19 + 12. What is the units digit of n(h)?
6
Let l = 18 - 48. Let u = -5 - -3. What is the units digit of 48/l*5/u?
4
Let d(s) be the third derivative of -25*s**4/24 - 7*s**3/6 - 9*s**2. What is the tens digit of d(-2)?
4
Let m(v) = 8*v**2 - v - 2. What is the tens digit of m(2)?
2
Let k be 3/(((-15)/(-4))/(-5)). Let j(c) = -2*c - 3. Let p be j(-4). Let s = k + p. What is the units digit of s?
1
Let s(o) = o**3 + 3*o**2 - 4*o + 3. Let j be s(2). Suppose 4*n - n - j = 0. Suppose i + 3 = -2*k + 10, n*i + k - 35 = 0. What is the units digit of i?
7
Let q(d) = -5*d + 10. Let h be q(-4). Suppose w = -4, 2*n - h = w + 4*w. What is the units digit of n?
5
Suppose 3*l + 4*y - y - 21 = 0, 16 = 2*l + y. What is the units digit of 38/l - 18/81?
4
Let h(j) = j**3 - 6*j**2 - 6*j - 3. Suppose 0*p + p = -22. Let t = -15 - p. What is the units digit of h(t)?
4
Let t = -13 + 16. Suppose 0 = -z + 27 - t. What is the units digit of z?
4
Let t(h) = -h**2 + 6*h - 1. Let a be t(5). Suppose 4*p = -5*c + 69, 0*p - 53 = -a*c - p. What is the tens digit of c?
1
Suppose 3*d = -5*n + 190, -4*d = 2*n + 2*n - 144. What is the tens digit of n?
4
Suppose -3*k + 170 = -49. What is the units digit of k?
3
Let v be 2 - (0 - 0 - 0). Suppose v*k = z + 10, -3*z + 5*k - 43 = -17. What is the units digit of (-10)/4*-2 + z?
3
Suppose 0 = -l - 3*l. Suppose l = 2*s - s. Let o = s + 5. What is the units digit of o?
5
Suppose -6*u + 2*u = -5*c + 23, -2*u = 5*c - 11. Suppose 0 = -2*z + 8. What is the units digit of (-12)/u - (3 - z)?
7
Suppose -18 = f - 5*v - 0*v, -5*f - 4*v + 26 = 0. What is the tens digit of f/(-8) - (-1160)/32?
3
Let d(z) = -8*z - 3. Let h be d(-8). Let m = 97 - h. What is the units digit of m?
6
Suppose -5*t + 3*d = -2*d - 275, 5*d - 315 = -5*t. What is the units digit of t?
9
Suppose 4*w = 3*t + 5*w + 26, 5*t + w + 42 = 0. Let a be (-334)/(-22) - 18/99. Let h = a + t. What is the units digit of h?
7
Let f(y) = 4*y - 3*y - 2 - y + y**2. What is the units digit of f(3)?
7
Suppose 6*u = u - 350. Let l = 46 + u. Let i = -17 - l. What is the units digit of i?
7
Let i = -4 + 3. Let m be -2*((-10)/4 - i). Suppose 0*r = m*l + 3*r - 33, 0 = -l + 3*r - 9. What is the units digit of l?
6
Let t = -3 + 19. Let z = t + 4. What is the units digit of z?
0
Let t(f) = f**3 + 10*f**2 + 9*f + 5. Let i be t(-9). Let n = -2 + i. Suppose -8 + 20 = n*y. What is the units